{"id":395,"date":"2023-12-28T17:19:05","date_gmt":"2023-12-28T16:19:05","guid":{"rendered":"https:\/\/www.ruedigerkinting.de\/ybor\/?page_id=395"},"modified":"2023-12-28T17:19:37","modified_gmt":"2023-12-28T16:19:37","slug":"feedback","status":"publish","type":"page","link":"https:\/\/www.ruedigerkinting.de\/ybor\/feedback\/","title":{"rendered":"Feedback &#038; Rezensionen"},"content":{"rendered":"\n<p>Hier ein Auszug aus Rezensionen und Feedback zu \u00bbMein Freund Ybor\u00ab<\/p>\n\n\n\n<p><strong>Super Buch<\/strong>. <br>Mein Sohn (9) liest es mit Begeisterung.<br><em>5-Sterne-Bewertung von <\/em>Frank<em> auf amazon, 27. Dezember 2023<\/em><\/p>\n\n\n\n<p><strong>\u00bbMein Freund Ybor\u00ab ist tats\u00e4chlich ein \u201erobotastisches Geschenk\u201c!<\/strong><br>Eigentlich wollte ich mit meinem Neffen, 9 Jahre, Ybor gelegentlich abends(vor-) lesen, aber f\u00fcr \u201egelegentlich\u201c war Ybor einfach zu spannend. Daher mussten wir dran bleiben und herausfinden, wie es mit Felix, seinen Freunden und fiesen Mitsch\u00fclern weitergeht und nat\u00fcrlich auch, ob Ybor bei ihm bleibt oder nicht.<br>Ich muss zugeben, dass auch ich es spannend fand und die Idee, einen Ybor im Rucksack mit in den Alltag zu nehmen, insbesondere wenn es schwierig wird, gef\u00e4llt uns Beiden gut. Und so fragen wir uns gelegentlich gegenseitig, ob unser Tag \u201erobotastisch gut\u201c war.<br>Insgesamt ist \u201eMein Freund Ybor\u201c ein sehr gelungenes und empfehlenswertes Jugendbuch, nicht nur f\u00fcr Jungs wie Felix, denn es gibt in der Geschichte ja auch Ella, und die fu\u00dfballbegeisterte Loui \u2026 Hier werden Achtsamkeit, vorsichtiges Selbstbewusstsein und Spannung sehr geschickt und sprachlich f\u00fcr das Lesealter passend miteinander verbunden.\u00ab<br><em>5-Sterne-Bewertung von <\/em>Anna <em>auf amazon, 31. Oktober 2023<\/em><br><\/p>\n\n\n\n<p><strong>Eine Geschichte \u00fcber Freundschaft und Mut<\/strong><br>[&#8230;] Kinderb\u00fccher lese ich ja an und f\u00fcr sich nur sehr selten, aber die Geschichte von Felix und Ybor musste ich einfach haben, weil sie so wundervoll klang. Genau so ist sie auch. Ach ich m\u00f6chte jetzt auch einen Ybor, aber der ist eben ganz einzigartig. Ich finde das Buch ist angenehm und kindgerecht zu lesen. R\u00fcdiger D. C. Kinting trifft meiner Meinung nach genau die richtigen Worte f\u00fcr Kinder im Alter von Felix (11). Aber auch als Erwachsener eine wirklich s\u00fc\u00dfe Geschichte.<br>Es braucht nicht immer actionreich zu sein. Ein Abenteuer kann auch mal ruhig sein. In \u201eMein Freund Ybor\u201c zeigt uns der Autor wie wichtig Freundschaft ist. Felix hat Gl\u00fcck einen so tollen Freund in Mattis zu haben. Die zwei sind ein unschlagbares Team. Das hat mir sehr gut gefallen. Die Zwei haben auch Ybor gezeigt, was Freundschaft bedeutet. Richtig sch\u00f6n.<br>Felix hat es mit Angus nicht leicht. St\u00e4ndig wird er ge\u00e4rgert und sogar bedroht. Gerade Ybor ist es aber, der Felix Mut macht. Dass man f\u00fcr sich einstehen muss, selbstbewusster sein muss und Jungs wie Angus Paroli bieten muss.<br>Auch wenn es eine ruhige Geschichte ist, wird es spannend. Denn als Ybor spurlos verschwindet ist die Katastrophe nat\u00fcrlich gro\u00df. Die Suche und die Entdeckung beim Wettbewerb in der Schule sind daher auch ein st\u00fcckweit spannend.<br>Ja, und Ybor selbst ist einfach ein Highlight in dem Buch. Er bringt einem nicht nur zum Schmunzeln mit seiner charmanten Art, er hat auch immer gute Ratschl\u00e4ge.<br><strong>Fazit<\/strong>: Ein Kinderbuch mit sch\u00f6nen Wertvorstellungen \u00fcber Freundschaft und Mut. Mir hat es sehr gut gefallen und ich empfehle es sehr gerne weiter.<br>a<em>us der Rezension von:\u00a0<\/em><a href=\"https:\/\/www.amazon.de\/gp\/customer-reviews\/R3FI0GBPSOOFAZ\/ref=cm_cr_dp_d_rvw_ttl?ie=UTF8&amp;ASIN=3000750614\" target=\"_blank\" rel=\"noreferrer noopener\">Renas B\u00fccherleidenschaft<\/a><em>, 18. August 2023, 5-Sterne-Bewertung<\/em><\/p>\n\n\n\n<p><\/p>\n","protected":false},"excerpt":{"rendered":"<p>Hier ein Auszug aus Rezensionen und Feedback zu \u00bbMein Freund Ybor\u00ab Super Buch. Mein Sohn (9) liest es mit Begeisterung.5-Sterne-Bewertung von Frank auf amazon, 27. Dezember 2023 \u00bbMein Freund Ybor\u00ab ist tats\u00e4chlich ein \u201erobotastisches Geschenk\u201c!Eigentlich wollte ich mit meinem Neffen, 9 Jahre, Ybor gelegentlich abends(vor-) lesen, aber f\u00fcr \u201egelegentlich\u201c war Ybor einfach zu spannend. Daher&#8230;<\/p>\n","protected":false},"author":1,"featured_media":0,"parent":0,"menu_order":0,"comment_status":"closed","ping_status":"closed","template":"","meta":{"footnotes":""},"class_list":["post-395","page","type-page","status-publish","hentry"],"acf":[],"_links":{"self":[{"href":"https:\/\/www.ruedigerkinting.de\/ybor\/wp-json\/wp\/v2\/pages\/395","targetHints":{"allow":["GET"]}}],"collection":[{"href":"https:\/\/www.ruedigerkinting.de\/ybor\/wp-json\/wp\/v2\/pages"}],"about":[{"href":"https:\/\/www.ruedigerkinting.de\/ybor\/wp-json\/wp\/v2\/types\/page"}],"author":[{"embeddable":true,"href":"https:\/\/www.ruedigerkinting.de\/ybor\/wp-json\/wp\/v2\/users\/1"}],"replies":[{"embeddable":true,"href":"https:\/\/www.ruedigerkinting.de\/ybor\/wp-json\/wp\/v2\/comments?post=395"}],"version-history":[{"count":1,"href":"https:\/\/www.ruedigerkinting.de\/ybor\/wp-json\/wp\/v2\/pages\/395\/revisions"}],"predecessor-version":[{"id":396,"href":"https:\/\/www.ruedigerkinting.de\/ybor\/wp-json\/wp\/v2\/pages\/395\/revisions\/396"}],"wp:attachment":[{"href":"https:\/\/www.ruedigerkinting.de\/ybor\/wp-json\/wp\/v2\/media?parent=395"}],"curies":[{"name":"wp","href":"https:\/\/api.w.org\/{rel}","templated":true}]}}