{"id":197,"date":"2017-09-28T00:12:23","date_gmt":"2017-09-27T22:12:23","guid":{"rendered":"http:\/\/www.ruedigerkinting.de\/kleiner_tannenbaum\/?page_id=197"},"modified":"2025-08-31T17:28:10","modified_gmt":"2025-08-31T15:28:10","slug":"kleine_tannenbaum_und_schneemann","status":"publish","type":"page","link":"https:\/\/www.ruedigerkinting.de\/kleiner_tannenbaum\/kleine_tannenbaum_und_schneemann\/","title":{"rendered":"Der kleine Tannenbaum und der Schneemann"},"content":{"rendered":"<p>\r\n\r\n<div class=\"TextBlock  \" id=\"shortcode-b5cd62f96a88d48a09cb6a24d60a2813\" >\r\n\t<p><img loading=\"lazy\" decoding=\"async\" class=\"alignleft wp-image-244 size-thumbnail\" src=\"http:\/\/www.ruedigerkinting.de\/kleiner_tannenbaum\/wp-content\/uploads\/sites\/4\/2017\/10\/Cover_Tannenbaum-und-Schneemann_small-150x107.jpg\" alt=\"\" width=\"150\" height=\"107\" \/>Nach den Feiertagen im neuen Jahr wird der kleine Tannenbaum in seinem gro\u00dfen Topf wieder auf die Terrasse gestellt. Dort lernt er eine Kr\u00e4he kennen, die neu in der Gegend ist, und zwei Eichh\u00f6rnchen aus dem Stadtpark, die von ihm geh\u00f6rt haben.<\/p><p>Als es eines Tages kr\u00e4ftig schneit und die Menschen einen Schneemann bauen, freut sich der kleine Tannenbaum, nicht mehr so allein zu sein. Allerdings verfliegt seine Freude bald, als er erkennt, dass der kleine Schneemann viel zu viel plappert, mit nichts zufrieden ist und den kleinen Tannenbaum und dessen Freunde immer wieder beleidigt.<\/p><p>Doch dann kommt der Fr\u00fchling, und der Schnee im Garten beginnt zu schmelzen. Und pl\u00f6tzlich ist der kleine Schneemann in gro\u00dfer Gefahr. Was soll der kleine Tannenbaum nun tun? Wie kann er dem kleinen Schneemann helfen? Und vor allem: <em>Soll <\/em>er ihm \u00fcberhaupt helfen?<\/p><p><em>Eine Geschichte um Vorurteile, Freundschaft und Zusammenhalt in der Not<\/em>.<\/p><p>&nbsp;<\/p><\/div>\r\n\r\n<div class=\"TextBlock  \" id=\"shortcode-2cf72376607e600b7ec891308c1e49c5\" >\r\n\t<h3 class=\"kltus\">Bibliographische Angaben<\/h3><p><strong>Der kleine Tannenbaum und der Schneemann<br \/><\/strong>Text und Illustrationen: R\u00fcdiger D.C. Kinting<br \/>Books on Demand, September 2017, 100 Seiten, ab ca. 6 Jahre<br \/>Taschenbuch: ISBN 978-3-7448-7255-3<br \/>Hardcover: ISBN 978-3-7448-3074-4<\/p><\/div>\r\n\r\n<div class=\"TextBlock  \" id=\"shortcode-c78f64af98c3c4ae0d36d3a8124210f7\" >\r\n\t<p><span style=\"font-size: 10pt;\">Erh\u00e4ltlich im Buchhandel und z.B. bei<\/span><br \/><a href=\"https:\/\/www.bod.de\/buchshop\/der-kleine-tannenbaum-und-der-schneemann-ruediger-d-c-kinting-9783744872553\" target=\"_blank\" rel=\"noopener noreferrer\"><img loading=\"lazy\" decoding=\"async\" title=\"direkt bei Books on Demand kaufen\" src=\"\/images\/img_bodshop.jpg\" alt=\"direkt bei Books on Demand kaufen\" width=\"100\" height=\"27\" align=\"middle\" border=\"0\" \/><\/a>\u00a0 <a href=\"https:\/\/www.amazon.de\/kleine-Tannenbaum-Schneemann-R%C3%BCdiger-Kinting\/dp\/3744872556\/\" target=\"_blank\" rel=\"noopener noreferrer\"><img loading=\"lazy\" decoding=\"async\" title=\"Buch bei amazon bestellen\" src=\"\/images\/img_amazon.jpg\" alt=\"Buch bei amazon bestellen\" width=\"100\" height=\"27\" align=\"middle\" border=\"0\" \/><\/a>\u00a0 <a href=\"https:\/\/www.thalia.de\/shop\/home\/sucheverknuepfung\/der_kleine_tannenbaum_und_der_schneemann\/ruediger_d_c_kinting\/EAN9783744872553\/ID80733158.html\" target=\"_blank\" rel=\"noopener noreferrer\"><img loading=\"lazy\" decoding=\"async\" title=\"Buch auf Thalia.de kaufen\" src=\"\/images\/img_thalia.jpg\" alt=\"Buch auf Thalia.de kaufen\" width=\"100\" height=\"27\" align=\"middle\" border=\"0\" \/><\/a>\u00a0 <a href=\"https:\/\/www.buecher.de\/shop\/buecher\/der-kleine-tannenbaum-und-der-schneemann\/kinting-ruediger-d-c-\/products_products\/detail\/prod_id\/49252951\/\" target=\"0\" rel=\"noopener noreferrer\"><img loading=\"lazy\" decoding=\"async\" title=\"Buch auf buecher.de bestellen\" src=\"\/images\/img_buecher.jpg\" alt=\"Buch auf buecher.de bestellen\" width=\"100\" height=\"27\" align=\"middle\" border=\"0\" \/><\/a><\/p><p>&nbsp;<\/p><\/div><\/p>\n","protected":false},"excerpt":{"rendered":"<p>Nach den Feiertagen im neuen Jahr wird der kleine Tannenbaum in seinem gro\u00dfen Topf wieder auf die Terrasse gestellt. Dort lernt er eine Kr\u00e4he kennen, die neu in der Gegend ist, und zwei Eichh\u00f6rnchen aus dem Stadtpark, die von ihm geh\u00f6rt haben.Als es eines Tages kr\u00e4ftig schneit und die Menschen einen Schneemann bauen, freut sich&#8230;<\/p>\n","protected":false},"author":1,"featured_media":0,"parent":0,"menu_order":0,"comment_status":"closed","ping_status":"closed","template":"","meta":{"footnotes":""},"class_list":["post-197","page","type-page","status-publish","hentry"],"acf":[],"_links":{"self":[{"href":"https:\/\/www.ruedigerkinting.de\/kleiner_tannenbaum\/wp-json\/wp\/v2\/pages\/197","targetHints":{"allow":["GET"]}}],"collection":[{"href":"https:\/\/www.ruedigerkinting.de\/kleiner_tannenbaum\/wp-json\/wp\/v2\/pages"}],"about":[{"href":"https:\/\/www.ruedigerkinting.de\/kleiner_tannenbaum\/wp-json\/wp\/v2\/types\/page"}],"author":[{"embeddable":true,"href":"https:\/\/www.ruedigerkinting.de\/kleiner_tannenbaum\/wp-json\/wp\/v2\/users\/1"}],"replies":[{"embeddable":true,"href":"https:\/\/www.ruedigerkinting.de\/kleiner_tannenbaum\/wp-json\/wp\/v2\/comments?post=197"}],"version-history":[{"count":46,"href":"https:\/\/www.ruedigerkinting.de\/kleiner_tannenbaum\/wp-json\/wp\/v2\/pages\/197\/revisions"}],"predecessor-version":[{"id":624,"href":"https:\/\/www.ruedigerkinting.de\/kleiner_tannenbaum\/wp-json\/wp\/v2\/pages\/197\/revisions\/624"}],"wp:attachment":[{"href":"https:\/\/www.ruedigerkinting.de\/kleiner_tannenbaum\/wp-json\/wp\/v2\/media?parent=197"}],"curies":[{"name":"wp","href":"https:\/\/api.w.org\/{rel}","templated":true}]}}